 236232?
2, 3, 17, 193
List the prime factors of 893128.
2, 111641
What are the prime factors of 996265?
5, 19, 10487
List the prime factors of 751802.
2, 375901
What are the prime factors of 6880629?
3, 7, 46807
What are the prime factors of 14500105?
5, 107, 27103
What are the prime factors of 154973?
7, 13, 131
List the prime factors of 27491080.
2, 5, 687277
List the prime factors of 254765.
5, 7, 29, 251
What are the prime factors of 627895?
5, 17, 83, 89
List the prime factors of 250857.
3, 19, 163
What are the prime factors of 147754?
2, 73877
What are the prime factors of 108044?
2, 27011
List the prime factors of 4558373.
1433, 3181
What are the prime factors of 10523896?
2, 1315487
What are the prime factors of 177094?
2, 88547
What are the prime factors of 525752?
2, 65719
List the prime factors of 546550.
2, 5, 17, 643
What are the prime factors of 155711?
47, 3313
List the prime factors of 956407.
41, 23327
List the prime factors of 578290.
2, 5, 57829
What are the prime factors of 868827?
3, 71, 4079
List the prime factors of 705966.
2, 3, 97, 1213
What are the prime factors of 4058481?
3, 7, 193261
What are the prime factors of 482538?
2, 3, 7, 11489
What are the prime factors of 290185?
5, 7, 8291
List the prime factors of 24222341.
11, 13, 113, 1499
List the prime factors of 4180599.
3, 67, 2311
List the prime factors of 1317970.
2, 5, 131797
List the prime factors of 1182799.
131, 9029
What are the prime factors of 347962?
2, 173981
What are the prime factors of 9896014?
2, 79, 62633
List the prime factors of 400941.
3, 44549
List the prime factors of 3523235.
5, 704647
List the prime factors of 2784434.
2, 79, 17623
What are the prime factors of 447740?
2, 5, 61, 367
What are the prime factors of 166862?
2, 83431
What are the prime factors of 206820?
2, 3, 5, 383
List the prime factors of 9084167.
593, 15319
What are the prime factors of 102001?
102001
List the prime factors of 10401836.
2, 29, 89671
List the prime factors of 14517.
3, 1613
List the prime factors of 2976950.
2, 5, 59539
List the prime factors of 288781.
19, 15199
List the prime factors of 1000680.
2, 3, 5, 31, 269
What are the prime factors of 2891806?
2, 487, 2969
List the prime factors of 42131.
42131
List the prime factors of 428975.
5, 17159
List the prime factors of 73749.
3, 13, 31, 61
List the prime factors of 908502.
2, 3, 7, 97, 223
What are the prime factors of 2599360?
2, 5, 8123
List the prime factors of 5792381.
7, 31, 26693
What are the prime factors of 990802?
2, 495401
What are the prime factors of 294601?
151, 1951
List the prime factors of 466089.
3, 13, 17, 19, 37
List the prime factors of 488287.
488287
What are the prime factors of 11112044?
2, 2778011
List the prime factors of 8364391.
7, 17, 70289
What are the prime factors of 1643720?
2, 5, 13, 29, 109
What are the prime factors of 107955?
3, 5, 2399
What are the prime factors of 116457?
3, 11, 3529
List the prime factors of 99490.
2, 5, 9949
What are the prime factors of 9157969?
9157969
List the prime factors of 1782626.
2, 59, 15107
List the prime factors of 1403153.
31, 45263
What are the prime factors of 477619?
477619
What are the prime factors of 75133?
75133
List the prime factors of 18740834.
2, 7, 17, 1607
List the prime factors of 2320032.
2, 3, 11, 13
What are the prime factors of 1016384?
2, 15881
What are the prime factors of 21307842?
2, 3, 1183769
List the prime factors of 2877489.
3, 59, 5419
List the prime factors of 6452193.
3, 11, 43, 4547
What are the prime factors of 5287580?
2, 5, 59, 4481
What are the prime factors of 58960?
2, 5, 11, 67
List the prime factors of 135000.
2, 3, 5
List the prime factors of 22740707.
11, 2067337
What are the prime factors of 172267?
31, 5557
List the prime factors of 17813685.
3, 5, 29, 31, 1321
List the prime factors of 37518.
2, 3, 13, 37
What are the prime factors of 10495284?
2, 3, 463, 1889
List the prime factors of 15786086.
2, 7893043
What are the prime factors of 86020?
2, 5, 11, 17, 23
List the prime factors of 772278.
2, 3, 13, 9901
List the prime factors of 1052844.
2, 3, 13, 17, 397
What are the prime factors of 207359?
31, 6689
What are the prime factors of 654488?
2, 23, 3557
List the prime factors of 5060218.
2, 2530109
What are the prime factors of 512592?
2, 3, 59, 181
List the prime factors of 2590659.
3, 287851
What are the prime factors of 1697489?
59, 28771
List the prime factors of 1983185.
5, 396637
List the prime factors of 16640553.
3, 1187, 4673
List the prime factors of 3275461.
7, 491, 953
What are the prime factors of 103467?
3, 7, 13, 379
What are the prime factors of 2732152?
2, 523, 653
What are the prime factors of 121180?
2, 5, 73, 83
List the prime factors of 3169105.
5, 19, 33359
What are the prime factors of 2219122?
2, 1109561
What are the prime factors of 1547370?
2, 3, 5, 11, 521
List the prime factors of 2685868.
2, 671467
List the prime factors of 1717981.
1717981
List the prime factors of 590245.
5, 97, 1217
List the prime factors of 28886261.
28886261
What are the prime factors of 326945?
5, 23, 2843
What are the prime factors of 122139?
3, 41, 331
List the prime factors of 338628.
2, 3, 28219
List the prime factors of 2100119.
7, 300017
List the prime factors of 23736.
2, 3, 23, 43
List the prime factors of 25195547.
13, 17, 173, 659
What are the prime factors of 4630152?
2, 3, 192923
What are the prime factors of 2770236?
2, 3, 7, 10993
List the prime factors of 117259.
117259
List the prime factors of 3329974.
2, 1664987
What are the prime factors of 488143?
488143
What are the prime factors of 46031?
191, 241
List the prime factors of 4497957.
3, 61, 2731
List the prime factors of 3495209.
41, 163, 523
List the prime factors of 3874990.
2, 5, 7, 197, 281
What are the prime factors of 985102?
2, 492551
List the prime factors of 331545.
3, 5, 23, 31
What are the prime factors of 758547?
3, 89, 947
What are the prime factors of 8454003?
3, 101, 27901
What are the prime factors of 2036395?
5, 131, 3109
What are the prime factors of 4038564?
2, 3, 19, 17713
List the prime factors of 693648.
2, 3, 4817
What are the prime factors of 772682?
2, 211, 1831
List the prime factors of 3225972.
2, 3, 19, 14149
What are the prime factors of 109162?
2, 54581
What are the prime factors of 54226?
2, 19, 1427
What are the prime factors of 40646407?
211, 192637
List the prime factors of 190561.
7, 3889
What are the prime factors of 168653?
191, 883
List the prime factors of 206421.
3, 83, 829
What are the prime factors of 1570658?
2, 785329
What are the prime factors of 666749?
666749
What are the prime factors of 4423017?
3, 37, 39847
What are the prime factors of 867345?
3, 5, 53, 1091
List the prime factors of 212623.
149, 1427
What are the prime factors of 1280557?
613, 2089
List the prime factors of 140882.
2, 7, 29, 347
List the prime factors of 1639466.
2, 31, 853
List the prime factors of 7573156.
2, 1893289
List the prime factors of 118444.
2, 29611
What are the prime factors of 4223096?
2, 29, 109, 167
What are the prime factors of 1013974?
2, 13, 59, 661
List the prime factors of 82841.
11, 17, 443
What are the prime factors of 5321814?
2, 3, 886969
List the prime factors of 2808396.
2, 3, 181, 431
List the prime factors of 2243671.
71, 31601
What are the prime factors of 761239?
53, 271
What are the prime factors of 11084934?
2, 3, 7, 263927
List the prime factors of 78886.
2, 39443
What are the prime factors of 5922897?
3, 1974299
List the prime factors of 8766585.
3, 5, 194813
What are the prime factors of 7955148?
2, 3, 19, 23, 37, 41
List the prime factors of 1344938.
2, 7, 17, 5651
What are the prime factors of 667098?
2, 3, 37061
List the prime factors of 3317991.
3, 1105997
List the prime factors of 21464363.
3919, 5477
List the prime factors of 26843750.
2, 5, 859
What are the prime factors of 264542?
2, 349, 379
What are the prime factors of 149703?
3, 139, 359
What are the prime factors of 861464?
2, 257, 419
What are the prime factors of 1217717?
43, 28319
List the prime factors of 152034.
2, 3, 25339
What are the prime factors of 509674?
2, 11, 23167
What are the prime factors of 4027069?
19, 181, 1171
List the prime factors of 7408988.
2, 1852247
List the prime factors of 1